{"id":77,"date":"2014-03-13T07:03:02","date_gmt":"2014-03-13T06:03:02","guid":{"rendered":"http:\/\/vodouch.freecz.eu\/?page_id=77"},"modified":"2024-05-07T22:53:32","modified_gmt":"2024-05-07T20:53:32","slug":"ml-zaci","status":"publish","type":"page","link":"https:\/\/www.skostravalhotka.cz\/domains\/skostravalhotka.cz\/fotbal\/ml-zaci\/","title":{"rendered":"Star\u0161\u00ed p\u0159\u00edpravka &#8211; U11"},"content":{"rendered":"<hr \/>\n<p><strong>Kategorie star\u0161\u00ed p\u0159\u00edpravka v sez\u00f3n\u011b 2023\/2024<\/strong> zahrnuje chlapce a d\u00edvky narozen\u00e9 v letech 2013 a 2014.<\/p>\n<p>D\u011bti t\u00e9to kategorie\u00a0u\u010d\u00edme\u00a0individu\u00e1ln\u00ed techniku a pr\u00e1ci s m\u00ed\u010dem. Hravou formou chceme\u00a0doc\u00edlit jejich nad\u0161en\u00ed a zaujet\u00ed pro hru zvanou \u201efotbal\u201c. Z\u00e1rove\u0148 nau\u010dit je discipl\u00edn\u011b, povinnostem a schopnostem p\u0159ipravovat se ve sportovn\u00edm kolektivu.<\/p>\n<p><strong>Nejbli\u017e\u0161\u00ed c\u00edle:\u00a0<\/strong><\/p>\n<p>postupn\u00e9 z\u00edsk\u00e1van\u00ed vlastnost\u00ed \u2013 kreativity, samostatn\u00e9ho rozhodov\u00e1n\u00ed, z\u00e1klady individu\u00e1ln\u00ed techniky, rychlosti, v\u00fdbu\u0161nosti, obratnosti.<\/p>\n<p><strong>Tren\u00e9\u0159i:<\/strong><\/p>\n<p>Drahoslav Handl\u00ed\u0159 \u2013 tel.: 777 226 163, e-mail: dhandlir@volny.cz<\/p>\n<p>Kamil Starovi\u010d \u2013 tel.: 704 876 517<\/p>\n<p><strong>Tr\u00e9ninky:<\/strong><\/p>\n<p>pond\u011bl\u00ed\u00a0\u00a0\u00a0\u00a0\u00a0 16:00 \u2013 17:30 hod. \u00a0 \u00a0\u00a0 p\u0159\u00edrodn\u00ed nebo um\u011bl\u00e1 tr\u00e1va<\/p>\n<p>\u010dtvrtek \u00a0 \u00a0 \u00a0 16:00 \u2013 17:30 hod. \u00a0 \u00a0\u00a0 p\u0159\u00edrodn\u00ed nebo um\u011bl\u00e1 tr\u00e1va<\/p>\n<p><strong>Aktu\u00e1ln\u00ed info:<\/strong><\/p>\n<p>Od pond\u011bl\u00ed <strong>4. kv\u011btna<\/strong> (po del\u0161\u00ed pauze) op\u011bt za\u010d\u00edn\u00e1me s tr\u00e9ninky. Vzhledem k tomu, \u017ee hala st\u00e1le z\u016fst\u00e1v\u00e1 zav\u0159en\u00e1, doporu\u010dujeme, aby chlapci chodili na tr\u00e9ninky u\u017e p\u0159evle\u010deni (jinak na seda\u010dk\u00e1ch pod tribunkou \u2026). Tr\u00e9novat budeme p\u0159ev\u00e1\u017en\u011b na p\u0159\u00edrodn\u00ed tr\u00e1v\u011b. Nezapome\u0148te tedy na kopa\u010dky. Samoz\u0159ejmost\u00ed je pit\u00ed (!) a \u0161us\u0165\u00e1kovka (mikina) pro nep\u0159\u00edze\u0148 po\u010das\u00ed.<\/p>\n<p><span style=\"font-size: medium;\"><strong>Mistrovsk\u00e1 utk\u00e1n\u00ed sez\u00f3ny 2019\/2020:<\/strong><\/span><\/p>\n<p>\u00daT\u00a0\u00a0\u00a0\u00a0\u00a010. 9.\u00a0\u00a0\u00a0\u00a0\u00a016:00\u00a0\u00a0\u00a0\u00a0\u00a0TJ Sokol Koblov \u2013 <strong>SK Ostrava Lhotka<\/strong> \u00a0 \u00a0 \u00a0 \u00a0 \u00a0 \u00a0 \u00a0 \u00a0 \u00a0 0:3\u00a0\u00a0\u00a0\u00a0\u00a0 \ud83d\ude42\u00a0\u00a0\u00a0\u00a0\u00a0 &#8230; kontumov\u00e1no (p\u016fvodn\u011b 4:5)<\/p>\n<p>P\u00c1\u00a0\u00a0\u00a0\u00a0\u00a020. 9.\u00a0\u00a0\u00a0\u00a0\u00a016:30\u00a0\u00a0\u00a0\u00a0\u00a0<strong>SK Ostrava Lhotka<\/strong> \u2013 TJ Ludge\u0159ovice\u00a0\u00a0\u00a0\u00a0\u00a0\u00a0\u00a0\u00a0\u00a0\u00a0\u00a0\u00a0\u00a0\u00a0\u00a0\u00a0\u00a0\u00a0\u00a0 4:9\u00a0\u00a0\u00a0\u00a0\u00a0 \ud83d\ude41<\/p>\n<p>\u00daT\u00a0\u00a0\u00a0\u00a0\u00a01. 10.\u00a0\u00a0\u00a0\u00a0\u00a017:00\u00a0\u00a0\u00a0\u00a0\u00a0FC Ban\u00edk Ostrava d\u00edvky \u2013 <strong>SK Ostrava Lhotka<\/strong>\u00a0\u00a0\u00a0\u00a0\u00a0\u00a015:1\u00a0\u00a0\u00a0 \u00a0\ud83d\ude41<\/p>\n<p>\u010cT \u00a0 \u00a0 3. 10.\u00a0\u00a0\u00a0\u00a0\u00a016:30\u00a0\u00a0\u00a0\u00a0\u00a0SK \u0160enov \u2013 <strong>SK Ostrava Lhotka<\/strong> \u00a0 \u00a0 \u00a0 \u00a0 \u00a0 \u00a0 \u00a0 \u00a0 \u00a0 \u00a0 \u00a0 \u00a0 \u00a0\u00a0 10:4 \u00a0 \u00a0 \ud83d\ude41<\/p>\n<p>P\u00c1\u00a0\u00a0\u00a0\u00a011. 10.\u00a0\u00a0 \u00a016:30\u00a0\u00a0\u00a0\u00a0\u00a0<strong>SK Ostrava Lhotka<\/strong> \u2013 SK Markvartovice \u00a0 \u00a0 \u00a0 \u00a0 \u00a0 \u00a0 \u00a0 \u00a0 6:20 \u00a0\u00a0 \ud83d\ude41<\/p>\n<p>P\u00c1\u00a0\u00a0\u00a0\u00a0\u00a018. 10.\u00a0\u00a0\u00a016:30\u00a0\u00a0\u00a0\u00a0\u00a0<strong>SK Ostrava Lhotka <\/strong>\u2013 FC Vratimov \u00a0 \u00a0 \u00a0 \u00a0 \u00a0 \u00a0 \u00a0 \u00a0 \u00a0 \u00a0 \u00a0 \u00a0 6:15 \u00a0\u00a0 \ud83d\ude41<\/p>\n<p>P\u00c1\u00a0\u00a0\u00a0\u00a0\u00a025. 10.\u00a0\u00a0\u00a016:30\u00a0\u00a0\u00a0\u00a0\u00a0<strong>SK Ostrava Lhotka <\/strong>\u2013 TJ V\u00e1clavovice\u00a0 \u00a0 \u00a0 \u00a0 \u00a0 \u00a0 \u00a0 \u00a0 \u00a0 \u00a0 \u00a04:13\u00a0 \u00a0 \ud83d\ude41<\/p>\n","protected":false},"excerpt":{"rendered":"<p>Kategorie star\u0161\u00ed p\u0159\u00edpravka v sez\u00f3n\u011b 2023\/2024 zahrnuje chlapce a d\u00edvky narozen\u00e9 v letech 2013 a 2014. D\u011bti t\u00e9to kategorie\u00a0u\u010d\u00edme\u00a0individu\u00e1ln\u00ed techniku a pr\u00e1ci s m\u00ed\u010dem. Hravou formou chceme\u00a0doc\u00edlit jejich nad\u0161en\u00ed a zaujet\u00ed pro hru zvanou \u201efotbal\u201c. Z\u00e1rove\u0148 nau\u010dit je discipl\u00edn\u011b, povinnostem &#8230; <a class=\"more-link\" href=\"https:\/\/www.skostravalhotka.cz\/domains\/skostravalhotka.cz\/fotbal\/ml-zaci\/\">Read More &raquo;<\/a><\/p>\n","protected":false},"author":1,"featured_media":0,"parent":136,"menu_order":0,"comment_status":"open","ping_status":"closed","template":"","meta":{"footnotes":""},"class_list":["post-77","page","type-page","status-publish","hentry"],"_links":{"self":[{"href":"https:\/\/www.skostravalhotka.cz\/domains\/skostravalhotka.cz\/wp-json\/wp\/v2\/pages\/77","targetHints":{"allow":["GET"]}}],"collection":[{"href":"https:\/\/www.skostravalhotka.cz\/domains\/skostravalhotka.cz\/wp-json\/wp\/v2\/pages"}],"about":[{"href":"https:\/\/www.skostravalhotka.cz\/domains\/skostravalhotka.cz\/wp-json\/wp\/v2\/types\/page"}],"author":[{"embeddable":true,"href":"https:\/\/www.skostravalhotka.cz\/domains\/skostravalhotka.cz\/wp-json\/wp\/v2\/users\/1"}],"replies":[{"embeddable":true,"href":"https:\/\/www.skostravalhotka.cz\/domains\/skostravalhotka.cz\/wp-json\/wp\/v2\/comments?post=77"}],"version-history":[{"count":2,"href":"https:\/\/www.skostravalhotka.cz\/domains\/skostravalhotka.cz\/wp-json\/wp\/v2\/pages\/77\/revisions"}],"predecessor-version":[{"id":2735,"href":"https:\/\/www.skostravalhotka.cz\/domains\/skostravalhotka.cz\/wp-json\/wp\/v2\/pages\/77\/revisions\/2735"}],"up":[{"embeddable":true,"href":"https:\/\/www.skostravalhotka.cz\/domains\/skostravalhotka.cz\/wp-json\/wp\/v2\/pages\/136"}],"wp:attachment":[{"href":"https:\/\/www.skostravalhotka.cz\/domains\/skostravalhotka.cz\/wp-json\/wp\/v2\/media?parent=77"}],"curies":[{"name":"wp","href":"https:\/\/api.w.org\/{rel}","templated":true}]}}